 r = 0. What are the prime factors of d?
3
Let g(i) = i**2 + 6*i + 3. Let o be g(-6). Let j(w) = 26*w - 55*w + 6 + 31*w. What are the prime factors of j(o)?
2, 3
Suppose -11*z + 5165 = -148. List the prime factors of z.
3, 7, 23
Let x = 2098 + -1223. What are the prime factors of x?
5, 7
Let s = 441 + -315. What are the prime factors of (-16)/3*s/(-28)?
2, 3
Suppose -2*l = 3*i - 0 - 16, 4*l - 2*i = 16. Suppose l*t - 87 = -3*u - 0*t, 0 = 3*t + 9. What are the prime factors of u?
2, 17
Suppose -4*p - 3*f = -3641, -4595 = -5*p - 14*f + 19*f. What are the prime factors of p?
2, 457
Let y(l) = -2*l - 5. Let j be y(-9). Let h = j + -8. Suppose 4*v + 0*v = -5*i + 97, -4*v - 113 = -h*i. What are the prime factors of i?
3, 7
Suppose 0 = -198*m + 201*m - 1572. List the prime factors of m.
2, 131
Suppose -1 = -k + 1. Suppose -8 = k*t - 6*t. Suppose -j + 0*j + t = 0. List the prime factors of j.
2
Let r(k) = k**3 + k. Let j(p) = -17*p**3 - p**2 + 1. Let i(f) = -f - 9. Let q be i(-10). Let d(a) = q*r(a) + j(a). List the prime factors of d(-1).
3, 5
Let d be (-8)/7*(-28)/8. Suppose 206 = 2*z + 5*r, -d*z + 5*r + 392 = -20. List the prime factors of z.
103
Let s(w) = 2*w + 11*w**2 + w**2 + w + 6*w + w**3. Let g = -12 - -1. List the prime factors of s(g).
2, 11
Suppose k - 5*r = -0*k + 5, -5*r = 4*k - 20. Suppose 5*c = -k*s + 30, 2*s + 5*c - 6 = 9. What are the prime factors of (3 - (s - 3)) + 2?
3
What are the prime factors of 3*(-252)/(-27)*(-70)/(-4)?
2, 5, 7
Let l(f) = 7*f**2 + 3*f + 6. What are the prime factors of l(5)?
2, 7
Let c be (10/1)/(1 - 2). Let x(q) = -q**3 - 10*q**2 - 4*q - 25. What are the prime factors of x(c)?
3, 5
Let z = 1586 - 956. Suppose -8*i - z = -13*i. List the prime factors of i.
2, 3, 7
Let y(l) = l + 13. Suppose -5*k - 55 = -0*k. Let c be y(k). Suppose 0 = -c*b + b + 17. What are the prime factors of b?
17
Suppose 7 = 9*d - 11. Suppose w - 7 = -3*g, 0 = w - d*g - 3*g - 31. What are the prime factors of w?
2
What are the prime factors of (-7)/((-35)/3730)*1?
2, 373
Suppose 24*w = 19*w + 35. Suppose 581 + 14 = w*h. List the prime factors of h.
5, 17
Suppose 3*o - 4*m - 4541 = m, 0 = 3*o - 2*m - 4529. What are the prime factors of o?
11, 137
Suppose 0*i - 12 = -4*h - 4*i, 3 = 3*h + i. Suppose 30 = -h*s + 6*s. What are the prime factors of s?
5
Let s(u) = 4*u**3 + 4*u**2 - 3*u - 3. Let j(o) = 7*o**3 + 9*o**2 - 6*o - 5. Let g = -7 - -10. Let r(b) = g*j(b) - 5*s(b). List the prime factors of r(-7).
3, 7
Let f(t) = t + 1. Let v(r) = -22*r - 4. Let k(i) = 3*f(i) + v(i). Suppose -h = 3*h + 8. List the prime factors of k(h).
37
Suppose 60 = -5*a + 5*f, -3*a - a - 12 = 5*f. What are the prime factors of (a - -13)*(-58)/(-5)?
2, 29
Suppose -4*h = 4, 1 = 3*z + h - 7. Suppose z*a = 5*a - 122. Suppose 2*r - 67 = -3*c, -3*c - c + 3*r = -a. What are the prime factors of c?
19
Let m = 15 + -13. Let h be (-20 - -17)/(m/(-2)). Suppose 3*o = -o - h*l + 71, 3*o = -2*l + 54. What are the prime factors of o?
2, 5
Let b(y) = y**2 - 6*y - 5. Let p be b(10). Suppose 2*c + 3*c + p = 0. Let w = c + 33. List the prime factors of w.
2, 13
Suppose -2*q = -2*u - 5 - 13, -3*u + 3 = 3*q. Suppose -q*p + 37 = -2*m, -2*p - 3*p + 57 = 3*m. Suppose 3*l - p + 0 = 0. What are the prime factors of l?
3
Suppose -5*r + 16366 = 3996. What are the prime factors of r?
2, 1237
Suppose 5*a + 61 = -54. Suppose -2*p = -q - 10, q - 5 = -2*p - 15. What are the prime factors of (1 - a) + q/(-5)?
2, 13
Suppose 6*q + 265 = 2851. List the prime factors of q.
431
Let z be -1 + 0 + 15/3. Suppose -4*m - z*v - 14 = -m, -2*v = 5*m. Suppose -4*s + 167 = 5*p, 0 = -m*s - 3*p + 4*p + 87. List the prime factors of s.
43
Let q = -8276 - -12214. List the prime factors of q.
2, 11, 179
Let d(g) = -1019*g**3 + g**2 + 6*g + 5. List the prime factors of d(-1).
1019
Let k(t) be the first derivative of -t**2 - 17*t + 6. Let n be k(-16). Suppose -5*s - 194 = -4*m, -89 = -2*m - s + n. What are the prime factors of m?
3, 17
Let u(h) = -h**2 + h - 14. Let s be u(0). Let b(g) = 4*g**2 - 9*g + 2. Let i be b(8). List the prime factors of 4/s - i/(-14).
13
Let z = -5852 + 10609. What are the prime factors of z?
67, 71
Let p = 732 + 683. What are the prime factors of p?
5, 283
List the prime factors of (656/205)/(3/3180).
2, 53
Let r = 1079 + 1840. List the prime factors of r.
3, 7, 139
Let z(w) be the third derivative of w**5/60 - w**4/12 - 3*w**3/2 - 4*w**2. Let l be z(-6). Suppose 4*p = -7 + l. What are the prime factors of p?
2
Suppose 6*j - 2 - 10 = 0. Suppose 606 = 8*o - j*o. List the prime factors of o.
101
Let x(b) = b**2 + 9*b + 10. Let m be x(-8). Let w = 2 - m. Suppose 14*f - 9*f - 155 = w. List the prime factors of f.
31
Suppose -5*m + 10*m - 31 = -3*f, -11 = -m - 3*f. Suppose 4*a + 2*c = 382 + 106, -m*c + 615 = 5*a. Let z = 193 - a. List the prime factors of z.
2, 3
Suppose 880 = 2*g + 2*x - 1676, -4*x - 2556 = -2*g. What are the prime factors of g?
2, 3, 71
Let u(d) = 11*d - 6. Let h be u(4). Let b = 65 - h. Suppose -a = -4*a + b. List the prime factors of a.
3
Suppose -4*l - 14*q + 17*q + 24959 = 0, -2*l + 12462 = 2*q. What are the prime factors of l?
2, 1559
Suppose 10*z = 4*z + 3810. List the prime factors of z.
5, 127
Let x be 11 + (-1 - 0) + -3. Suppose -4*c + 0 = -20. Let t = x - c. List the prime factors of t.
2
Suppose 0 = 2*a - 454 + 98. What are the prime factors of a/15 + (-2)/(-15)?
2, 3
Let d(u) = u + 3. Let s = 13 + -18. Let k be d(s). What are the prime factors of 39/(k + (-21)/(-6))?
2, 13
Let m be -1*(-10 - -4) + -1. Suppose -43 - 32 = -5*w - 5*y, 5*w = m*y + 75. List the prime factors of w.
3, 5
Let d(s) = 8*s - 10 - 8*s + 29*s - 11*s. List the prime factors of d(8).
2, 67
Suppose -6*v + 2*v = 40. Suppose 7*c = -0*c - 525. Let j = v - c. List the prime factors of j.
5, 13
Let z(t) = -t**2 + 6*t - 6. Let x be z(4). Let l be (x + 0)/(2/3). Suppose -7*b = -l*b - 68. What are the prime factors of b?
17
Let h(j) be the second derivative of j**3/6 + 8*j**2 - 3*j. Let m = -1 - -1. What are the prime factors of h(m)?
2
What are the prime factors of (540/8)/(-9)*(-388)/2?
3, 5, 97
Let r(x) = 15*x**2 - x - 2. What are the prime factors of r(-3)?
2, 17
Suppose 2238 = 2*k - 22*q + 21*q, 4*k = -3*q + 4456. What are the prime factors of k?
1117
List the prime factors of -54*(12/(-16))/3*26.
3, 13
Let c = 718 - 448. What are the prime factors of c?
2, 3, 5
Let i = -363 + 1035. List the prime factors of i.
2, 3, 7
Let s be ((-10)/35)/((-2)/28). Suppose 1 = i - s. Suppose -4*t + 40 = v, i*t + 261 = 5*v + 11. List the prime factors of v.
2, 3
Let b = 1048 + -677. List the prime factors of b.
7, 53
Suppose 3*h + 14 = -7. Let b(d) = -15*d + 9. What are the prime factors of b(h)?
2, 3, 19
Suppose 0 = 6*c - 4*c + f + 23, 19 = -c + 2*f. What are the prime factors of 10 + c + 3/(6/568)?
281
Let o = 544 - 487. What are the prime factors of o?
3, 19
Suppose -2*z = -2*k + 68, -5*z - 3*k - 118 - 44 = 0. Let g = 48 + z. List the prime factors of (125/g)/((-4)/(-24)).
2, 5
Let b = 831 - 566. Suppose -9*g + 4*g + b = 0. List the prime factors of g.
53
Let r be (-14)/(-5) - (-3)/15. Suppose 0 = -4*w + r*v, 0 = w - 4*w - v. Suppose w = -5*n + 14 + 11. What are the prime factors of n?
5
Let o = 319 + 135. List the prime factors of o.
2, 227
Let b be (-3 - -9)/((-2)/(-43)). Let t = b + -67. List the prime factors of t.
2, 31
Suppose 5*g = 8*g + 189. Let s = -30 - g. List the prime factors of s.
3, 11
Let n = -21 - -25. Let q be n*(0 + 6/4). Suppose -20*b = -22*b + q. What are the prime factors of b?
3
Let h = 101 + 201. Suppose 4*j = -6 + h. List the prime factors of j.
2, 37
Let l(n) = n**2 + 3*n - 4. What are the prime factors of l(9)?
2, 13
Let j(l) = -18*l + 2. Let k = -9 - -8. List the prime factors of j(k).
2, 5
Suppose 2*y = 5*m, 2*y = -5*m - 3*y. Suppose m = -l - 0*l. Suppose -2*p = -2*x - l*p + 32, -15 = 5*p. What are the prime factors of x?
13
What are the prime factors of 0 + (-10)/(-2) - (-20 + -1563)?
2, 397
Suppose -3*z + 2089 = b, -5*b + 283 = -2*z - 10128. List the prime factors of b.
2083
Suppose -3*h - 1 - 51 = -4*i, 4*i - 44 = h. Let p = 0 + i. What are the prime factors of (-24)/(-20)*p/3?
2
Let r = -307 + 517. What are the prime factors of r?
2, 3, 5, 7
Let u(a) = 13*a**3 - a**2 - a + 1. Let